5*o + w = -x, 3*o - 8*o + 1129 = -2*w. List the prime factors of o.
227
Let u = -11 + 19. Let n be (-2 + u)/((-3)/(-2)). Suppose f - 3 = -2, n*m + f = 257. What are the prime factors of m?
2
Let v = -2 + 6. Suppose v*m - 13 + 1 = 0. Suppose -3*x + 19 = -5*d, 64 = 3*x + x + m*d. What are the prime factors of x?
13
Let g(i) = -i**2 + 34*i - 95. List the prime factors of g(28).
73
What are the prime factors of 472 + (-9)/(45/(-40))?
2, 3, 5
Let r(n) = 306*n**3 - n**2 + 2*n - 2. Let o be r(1). Suppose 6*x - o = x. What are the prime factors of x?
61
List the prime factors of -5 + 21819/9 + 7/(-21).
41, 59
Suppose 617 = 2*i + 5*x - 6*x, 4*x + 1541 = 5*i. What are the prime factors of i?
3, 103
List the prime factors of (-20961)/(-5 + -4) - (2 - -3).
2, 7, 83
Let y(f) = f**3 + 6*f**2 - 3*f - 6. Suppose -6 = -2*w + 4*w + 2*v, 5*w = 5*v - 45. What are the prime factors of y(w)?
2, 3
Let j be ((-64)/(-12))/(4/(-78)). Let n = j + 54. Let c = -27 - n. List the prime factors of c.
23
Let o be (18/7)/((-18)/(-168)). Let d = o + -22. List the prime factors of d.
2
Let q be (-12716)/(-44) + (0 - -1 - 0). Suppose -5*l + 0*l = -q. What are the prime factors of l?
2, 29
Let l = 5 + -1. Suppose -l*v = -17 - 99. Let o = v - 13. What are the prime factors of o?
2
Suppose -3*i + 4*i - 48 = 0. Suppose -3*y = o + 12, -4*o = 2*y + y + i. What are the prime factors of 2639/42 + (-2)/o?
3, 7
Let g = 1107 - 228. What are the prime factors of g?
3, 293
Let i(g) be the first derivative of g**4/4 - 7*g**3 + 10*g**2 + 5*g + 7. Let d be i(20). Let z(t) = 3*t**2 - 6*t + 9. What are the prime factors of z(d)?
2, 3
Suppose -4*d + 1879 = 5*w, 2*w + 342 + 144 = d. Suppose -7*v + d = -0*v. List the prime factors of v.
2, 17
Let r = 4755 + -2370. List the prime factors of r.
3, 5, 53
Let u = -11 + 4. Let o(l) = -2*l**3 - 13*l**2 + 5*l + 9. What are the prime factors of o(u)?
23
Let m = -829 - -1645. What are the prime factors of m?
2, 3, 17
Suppose -5*w + 5 = -0*j + 5*j, 2*w - 4*j - 26 = 0. Suppose -w*v - 65 = -4*x + 336, -2*x + 4*v = -202. What are the prime factors of x?
3, 11
Let k(p) = -p**3 + 9*p**2 - 8*p. Let s be k(8). Suppose 5*a + 20 = -s*a. What are the prime factors of 8*2/a + 13?
3
Suppose 4*n - 5717 = -1985. What are the prime factors of n?
3, 311
Let b be 11 - 5 - 6/2. Suppose 5*c = 3*r + 42, b*r + 0*r - 6 = -3*c. Suppose 0*u = -2*g + 3*u + c, 57 = 5*g + 3*u. List the prime factors of g.
3
Let h = 61 - 34. Suppose 0 = h*q - 29*q + 196. What are the prime factors of q?
2, 7
List the prime factors of (-264)/(-220) + (-3289)/(-5).
659
Let o(u) = -u**3 - 18*u**2 + 4*u + 5. Let a(m) = 1. Let k(s) = -6*a(s) - o(s). List the prime factors of k(-18).
61
List the prime factors of (-2)/(8 + 92880/(-11608)).
1451
Let v(n) = -3*n - 2. Let x be v(-2). Suppose -j = 5*i - 5*j - 290, -3*j - 232 = -x*i. List the prime factors of i.
2, 29
Suppose -4*l + o + 16 = 0, -6*l + 3*o + 27 = -l. Let a be (-262)/4 - 2/4. List the prime factors of a/(-8) + l/4.
3
Let k(b) = -b**3 + 7*b**2 + 2*b - 8. List the prime factors of k(-5).
2, 3, 47
List the prime factors of (2259 - (4 - 2)) + 40 + -42.
5, 11, 41
Suppose 87*a - 14479 - 23192 = 0. List the prime factors of a.
433
Let n be 8*14/8*(-6)/(-21). Let o = n + 107. What are the prime factors of o?
3, 37
Let o be (-23)/(-2) - (-4)/(-8). Suppose 5*d = -m - 0*d - o, 5*m - 11 = -3*d. Suppose -2*h + 4*h - 4*p + m = 0, 0 = -h - p + 13. List the prime factors of h.
2
Suppose -2*o + 884 = -146. What are the prime factors of o?
5, 103
Suppose 3*c - 7*c + 8 = 0. Suppose o = -4*u + 370, -282 = c*u - 5*u - 3*o. List the prime factors of u.
2, 23
Let n be (-2)/13 + (-9384)/(-156). Suppose -4*h - n = -8*h. What are the prime factors of h?
3, 5
Let w(m) = -6*m**2 - 7*m - 5. Let v(g) = 12*g**2 + 15*g + 11. Let t(d) = -4*v(d) - 9*w(d). List the prime factors of t(3).
2
Let g(a) = a**3 - 7*a**2 - 8*a - 22. Let c be g(9). Let m = 73 - c. What are the prime factors of m?
5
Suppose -6959 - 471 = -5*y. What are the prime factors of y?
2, 743
Suppose 6*s - s = -5*f - 40, 0 = 2*s + 5*f + 31. List the prime factors of (-1 - 21)*((-12)/(-8) + s).
3, 11
Suppose 4*v - 3*v - u - 5 = 0, -4*v + 29 = -u. Let p = 13 - v. Suppose -3 = -t + p. What are the prime factors of t?
2
Let q be 1/(1/((-4)/(-2))). Suppose -q*j = -6*j. Suppose j = 4*y + 8, 2*u - 182 = -2*u - 3*y. What are the prime factors of u?
47
Let f be ((-2)/(-6))/((-4)/24). Let t be ((-1)/f)/((-9)/(-18)). List the prime factors of (-12 - -3)*(-5)/t.
3, 5
Let d(l) = 2*l + 2. Let v be d(5). Let y(m) = -m - v - 2*m + m + 6*m. What are the prime factors of y(9)?
2, 3
Suppose -52*v + 57943 = 5423. List the prime factors of v.
2, 5, 101
Suppose 40 = -5*s + s. Let b = 14 - -2. Let o = s + b. What are the prime factors of o?
2, 3
List the prime factors of ((-60)/(-50))/(12/17970).
3, 599
Suppose -4*w - 4*u + 1348 = 0, 10*w = 14*w - 5*u - 1339. What are the prime factors of w?
2, 3, 7
Let t = 104 + -60. What are the prime factors of t?
2, 11
Let m(k) = -k**2 + 9*k - 9. Let l be m(6). Let s be (1 - (-2 - -2)) + l. Suppose -5*i + 0*i + s = 0. What are the prime factors of i?
2
Let w(a) be the second derivative of -5*a**3/6 - 5*a**2/2 - 3*a. Let u be w(-2). Suppose b - 10 = 4*p, 0 = -2*b - u*p + 34 - 1. List the prime factors of b.
2, 7
What are the prime factors of -16 + (-1886)/(-115) + (-17013)/(-5)?
41, 83
Let r = 166 - 112. What are the prime factors of (0 + r - 4)/((-2)/(-3))?
3, 5
Let c be (11 + (3 - 1))*-1. Let d = 34 - c. What are the prime factors of d?
47
Suppose -4*u - 934 = -5*u - 2*d, -5*d = -5*u + 4670. What are the prime factors of u?
2, 467
Let t = -88 - -92. Suppose 2*m - 59 - 231 = -3*i, -i - t*m = -80. What are the prime factors of i?
2, 5
Let x = -56 + 80. Suppose -5*u - x = -8*u. What are the prime factors of u?
2
Let p(g) = 5*g**2 - 120*g - 47. List the prime factors of p(-21).
2, 2339
Let g be (-8)/6 - 374/(-6). Suppose 6 + g = w + 5*v, 0 = 2*w + 4*v - 152. What are the prime factors of w?
2, 41
Suppose -17*x + 9*x = -4528. What are the prime factors of x?
2, 283
Let n(b) = b**2 + 2*b + 1. Let r be n(-4). Let d be 41 - 46 - (0/(-1) - 9). Suppose r + 79 = d*x. What are the prime factors of x?
2, 11
Suppose 4*d + 249 + 59 = 0. Let c = 148 + d. List the prime factors of c.
71
Let q = -430 - -1090. What are the prime factors of q?
2, 3, 5, 11
Let p be (166/2 + 3 - -3)*-1. Let o = p + 133. What are the prime factors of o?
2, 11
Let b(c) = -c - 29. Let v be b(-13). Let k = v + 18. Suppose 6*d - 16 = k*d. What are the prime factors of d?
2
Suppose 5*l - 3*b = 1499, 0 = 2*l + 2*b - 7*b - 592. List the prime factors of l.
7, 43
Let p(f) be the second derivative of -21*f**5/10 + 41*f. Let a = -2 - -1. List the prime factors of p(a).
2, 3, 7
Suppose -2*z - 104 = 5*g + 101, -2*g = 4*z + 98. Suppose 12*n - 20*n - 128 = 0. Let y = n - g. What are the prime factors of y?
23
Let q = 4 + -1. Suppose c = -3*c - q*a + 102, 0 = -c - 2*a + 28. Suppose 3*o - c = 9. What are the prime factors of o?
11
Suppose -37*a + 8*a + 2813 = 0. List the prime factors of a.
97
Let c = 1779 - 720. List the prime factors of c.
3, 353
Let t = -159 - -299. Let y = 78 - t. List the prime factors of (-1)/2*(y - -10).
2, 13
Let n = -380 + 2689. List the prime factors of n.
2309
Let v(n) = 2*n**3 - 3*n**2. What are the prime factors of v(6)?
2, 3
Let w = 2008 - 948. What are the prime factors of w?
2, 5, 53
Suppose 0 = -3*o + 9 - 6. Let j(h) = 89*h - 1. What are the prime factors of j(o)?
2, 11
Let m = 4 + 53. Suppose 0 = -3*u + 39 + m. What are the prime factors of u?
2
Suppose 4*s = -3*x + 16, -x + 9 = 3*s + 2. Let k be 52/4 - (s - 2). Suppose 0 = -v + 16 + k. List the prime factors of v.
2, 3, 5
What are the prime factors of (-6)/(-4)*(27950/15 + -6)?
2, 7, 199
Suppose 2*n - 2*d = 11378, 37*n - 32*n - 4*d - 28444 = 0. What are the prime factors of n?
2, 3, 79
Let f(l) = -l**3 + 7*l**2 + 8*l + 4. Let t be f(7). Let w(k) = -2*k - 2. Let h be w(-3). Suppose -h*b + 32 = -t. What are the prime factors of b?
23
Let h(m) = 19*m**3 + 2*m. Let b be h(2). Suppose -5*t + b = -3*o - 18, 39 = t - 2*o. Let g = -17 + t. List the prime factors of g.
2
Let r(y) = y**3 - 8*y**2 - 8*y + 10. Let i be r(9). Suppose 2*s - 5 - 3 = k, -2*k + i = 3*s. Suppose -s*m = -